{"id":19,"date":"2015-02-11T11:01:23","date_gmt":"2015-02-11T10:01:23","guid":{"rendered":"https:\/\/centrumpodlog.com\/sklep\/produkt\/3040-372\/"},"modified":"2019-11-10T18:08:57","modified_gmt":"2019-11-10T17:08:57","slug":"3040-372-48","status":"publish","type":"product","link":"https:\/\/centrumpodlog.com\/sklep\/produkt\/3040-372-48\/","title":{"rendered":"Tarkett Granit iQ 372"},"content":{"rendered":"<p style=\"text-align: justify;\"><strong>40 lat sukces&oacute;w w bran\u017cy pod\u0142&oacute;g<\/strong><\/p>\n<p style=\"text-align: justify;\">Gdy spojrzymy wstecz na 40 lat sukces&oacute;w w bran\u017cy pod\u0142&oacute;g, iQ Granit to jeden z najlepszych materia\u0142&oacute;w pod\u0142ogowych na rynku. Tysi\u0105ce architekt&oacute;w korzysta z mo\u017cliwo\u015bci iQ Granit przy tworzeniu harmonijnych wn\u0119trz komercyjnych. Dziesi\u0105tki tysi\u0119cy personelu sprz\u0105taj\u0105cego wie, \u017ce twierdzenia o wyj\u0105tkowych w\u0142a\u015bciwo\u015bciach czyszcz\u0105cych s\u0105 prawdziwe. Tysi\u0105ce menad\u017cer&oacute;w odpowiadaj\u0105cych za bud\u017cet jest niezwykle zadowolonych z niskich koszt&oacute;w utrzymania, a wi\u0119c i z najlepszych koszt&oacute;w cyklu \u017cycia. I wreszcie &ndash; miliony u\u017cytkownik&oacute;w s\u0105 dowodem na doskona\u0142e parametry \u015bcieralno\u015bci tej homogenicznej wyk\u0142adziny.<br \/> Do dzi\u015b zainstalowano 60 milion&oacute;w m2 w budynkach komercyjnych na ca\u0142ym \u015bwiecie.<br \/> <strong><br \/> Pierwsza opcja dla pokole\u0144 architekt&oacute;w<\/strong><\/p>\n<p style=\"text-align: justify;\">Gdy architekci i projektanci wn\u0119trz wybieraj\u0105 pod\u0142og\u0119, kolory i wzory musz\u0105 dawa\u0107 mo\u017cliwie najwi\u0119ksz\u0105 swobod\u0119 tworzenia.<\/p>\n<p style=\"text-align: justify;\">Wa\u017cne jest, aby kolory i wzory by\u0142y postrzegane jako atrakcyjne i nowoczesne przez d\u0142ugi czas. Wa\u017cne jest tak\u017ce, aby oferta kolor&oacute;w by\u0142a du\u017ca, r&oacute;wnie\u017c w przypadku pod\u0142&oacute;g bezpiecznych, akustycznych i antystatycznych. Od momentu pojawienia si\u0119 na rynku 40 lat temu, dzia\u0142 projekt&oacute;w Tarkett w\u0142o\u017cy\u0142 mn&oacute;stwo pracy w opracowanie grupy produkt&oacute;w iQ tak, aby spe\u0142nia\u0142y wymagania architekt&oacute;w.<\/p>\n<p style=\"text-align: justify;\">iQ Granit to szeroki wachlarz przygaszonych kolor&oacute;w, kt&oacute;re wsp&oacute;\u0142graj\u0105 ze sob\u0105 w idealnej harmonii. Co wi\u0119cej, dwie wielokolorowe odmiany daj\u0105 wi\u0119ksze mo\u017cliwo\u015bci stworzenia mocniejszych efekt&oacute;w wizualnych.&nbsp;<\/p>\n<ul style=\"text-align: justify;\">\n<li>Ponadczasowy wz&oacute;r w \u015bwie\u017cych kolorach,<\/li>\n<li>60 mln m2 zainstalowanych na ca\u0142ym \u015bwiecie<\/li>\n<li>System iQ Unique Surface Restoration<\/li>\n<li>Nie wymaga woskowania ani pastowania przez ca\u0142e \u017cycie produktu<\/li>\n<li>Najlepszy koszt cyklu \u017cycia na rynku<\/li>\n<li>Skoordynowana z poszerzon\u0105 rodzin\u0105 Granit: iQ Granit<\/li>\n<li>Akustyczna, przewodz\u0105ca<\/li>\n<li>iQ Toro SC i antypo\u015blizgowa Granit Safe. T<\/li>\n<\/ul>\n","protected":false},"excerpt":{"rendered":"<p>Gdy spojrzymy wstecz na 40 lat sukces&oacute;w w bran\u017cy pod\u0142&oacute;g, iQ Granit to jeden z najlepszych materia\u0142&oacute;w pod\u0142ogowych na rynku. Tysi\u0105ce architekt&oacute;w korzysta z mo\u017cliwo\u015bci iQ Granit przy tworzeniu harmonijnych wn\u0119trz komercyjnych.<\/p>\n<p>&hellip; <a class=\"kt-excerpt-readmore more-link\" href=\"https:\/\/centrumpodlog.com\/sklep\/produkt\/3040-372-48\/\" aria-label=\"Tarkett Granit iQ 372\">Czytaj wi\u0119cej<\/a><\/p>\n","protected":false},"featured_media":9,"template":"","meta":{"kt_blocks_editor_width":"","_kad_blocks_custom_css":"","_kad_blocks_head_custom_js":"","_kad_blocks_body_custom_js":"","_kad_blocks_footer_custom_js":""},"product_brand":[],"product_cat":[20,37,112],"product_tag":[],"class_list":{"0":"post-19","1":"product","2":"type-product","3":"status-publish","4":"has-post-thumbnail","6":"product_cat-wykladziny","7":"product_cat-wykladziny-homogeniczne","8":"product_cat-iq-granit","10":"first","11":"outofstock","12":"shipping-taxable","13":"product-type-simple"},"yoast_head":"<!-- This site is optimized with the Yoast SEO plugin v26.8 - https:\/\/yoast.com\/product\/yoast-seo-wordpress\/ -->\n<title>Tarkett Granit iQ 372 - Centrum Sprzeda\u017cy Wyk\u0142adzin Przemys\u0142owych<\/title>\n<meta name=\"robots\" content=\"index, follow, max-snippet:-1, max-image-preview:large, max-video-preview:-1\" \/>\n<link rel=\"canonical\" href=\"https:\/\/centrumpodlog.com\/sklep\/produkt\/3040-372-48\/\" \/>\n<meta property=\"og:locale\" content=\"pl_PL\" \/>\n<meta property=\"og:type\" content=\"article\" \/>\n<meta property=\"og:title\" content=\"Tarkett Granit iQ 372 - Centrum Sprzeda\u017cy Wyk\u0142adzin Przemys\u0142owych\" \/>\n<meta property=\"og:description\" content=\"Gdy spojrzymy wstecz na 40 lat sukces&oacute;w w bran\u017cy pod\u0142&oacute;g, iQ Granit to jeden z najlepszych materia\u0142&oacute;w pod\u0142ogowych na rynku. Tysi\u0105ce architekt&oacute;w korzysta z mo\u017cliwo\u015bci iQ Granit przy tworzeniu harmonijnych wn\u0119trz komercyjnych.&hellip; Czytaj wi\u0119cej\" \/>\n<meta property=\"og:url\" content=\"https:\/\/centrumpodlog.com\/sklep\/produkt\/3040-372-48\/\" \/>\n<meta property=\"og:site_name\" content=\"Centrum Sprzeda\u017cy Wyk\u0142adzin Przemys\u0142owych\" \/>\n<meta property=\"article:modified_time\" content=\"2019-11-10T17:08:57+00:00\" \/>\n<meta property=\"og:image\" content=\"https:\/\/centrumpodlog.com\/sklep\/wp-content\/uploads\/2015\/02\/tha4_3040372_3221372_001.jpg\" \/>\n\t<meta property=\"og:image:width\" content=\"609\" \/>\n\t<meta property=\"og:image:height\" content=\"425\" \/>\n\t<meta property=\"og:image:type\" content=\"image\/jpeg\" \/>\n<meta name=\"twitter:card\" content=\"summary_large_image\" \/>\n<meta name=\"twitter:label1\" content=\"Szacowany czas czytania\" \/>\n\t<meta name=\"twitter:data1\" content=\"2 minuty\" \/>\n<script type=\"application\/ld+json\" class=\"yoast-schema-graph\">{\"@context\":\"https:\/\/schema.org\",\"@graph\":[{\"@type\":\"WebPage\",\"@id\":\"https:\/\/centrumpodlog.com\/sklep\/produkt\/3040-372-48\/\",\"url\":\"https:\/\/centrumpodlog.com\/sklep\/produkt\/3040-372-48\/\",\"name\":\"Tarkett Granit iQ 372 - Centrum Sprzeda\u017cy Wyk\u0142adzin Przemys\u0142owych\",\"isPartOf\":{\"@id\":\"https:\/\/centrumpodlog.com\/sklep\/#website\"},\"primaryImageOfPage\":{\"@id\":\"https:\/\/centrumpodlog.com\/sklep\/produkt\/3040-372-48\/#primaryimage\"},\"image\":{\"@id\":\"https:\/\/centrumpodlog.com\/sklep\/produkt\/3040-372-48\/#primaryimage\"},\"thumbnailUrl\":\"https:\/\/centrumpodlog.com\/sklep\/wp-content\/uploads\/2015\/02\/tha4_3040372_3221372_001.jpg\",\"datePublished\":\"2015-02-11T10:01:23+00:00\",\"dateModified\":\"2019-11-10T17:08:57+00:00\",\"breadcrumb\":{\"@id\":\"https:\/\/centrumpodlog.com\/sklep\/produkt\/3040-372-48\/#breadcrumb\"},\"inLanguage\":\"pl-PL\",\"potentialAction\":[{\"@type\":\"ReadAction\",\"target\":[\"https:\/\/centrumpodlog.com\/sklep\/produkt\/3040-372-48\/\"]}]},{\"@type\":\"ImageObject\",\"inLanguage\":\"pl-PL\",\"@id\":\"https:\/\/centrumpodlog.com\/sklep\/produkt\/3040-372-48\/#primaryimage\",\"url\":\"https:\/\/centrumpodlog.com\/sklep\/wp-content\/uploads\/2015\/02\/tha4_3040372_3221372_001.jpg\",\"contentUrl\":\"https:\/\/centrumpodlog.com\/sklep\/wp-content\/uploads\/2015\/02\/tha4_3040372_3221372_001.jpg\",\"width\":609,\"height\":425,\"caption\":\"Tarkett Granit iQ 372-0\"},{\"@type\":\"BreadcrumbList\",\"@id\":\"https:\/\/centrumpodlog.com\/sklep\/produkt\/3040-372-48\/#breadcrumb\",\"itemListElement\":[{\"@type\":\"ListItem\",\"position\":1,\"name\":\"Strona g\u0142\u00f3wna\",\"item\":\"https:\/\/centrumpodlog.com\/sklep\/\"},{\"@type\":\"ListItem\",\"position\":2,\"name\":\"Produkty\",\"item\":\"https:\/\/centrumpodlog.com\/sklep\/shop\/\"},{\"@type\":\"ListItem\",\"position\":3,\"name\":\"Tarkett Granit iQ 372\"}]},{\"@type\":\"WebSite\",\"@id\":\"https:\/\/centrumpodlog.com\/sklep\/#website\",\"url\":\"https:\/\/centrumpodlog.com\/sklep\/\",\"name\":\"Centrum Sprzeda\u017cy Wyk\u0142adzin Przemys\u0142owych\",\"description\":\"Sklep internetowy Centrum Sprzeda\u017cy Wyk\u0142adzin Przemys\u0142owych\",\"publisher\":{\"@id\":\"https:\/\/centrumpodlog.com\/sklep\/#organization\"},\"potentialAction\":[{\"@type\":\"SearchAction\",\"target\":{\"@type\":\"EntryPoint\",\"urlTemplate\":\"https:\/\/centrumpodlog.com\/sklep\/?s={search_term_string}\"},\"query-input\":{\"@type\":\"PropertyValueSpecification\",\"valueRequired\":true,\"valueName\":\"search_term_string\"}}],\"inLanguage\":\"pl-PL\"},{\"@type\":\"Organization\",\"@id\":\"https:\/\/centrumpodlog.com\/sklep\/#organization\",\"name\":\"Centrum Sprzeda\u017cy Wyk\u0142adzin Przemys\u0142owych\",\"url\":\"https:\/\/centrumpodlog.com\/sklep\/\",\"logo\":{\"@type\":\"ImageObject\",\"inLanguage\":\"pl-PL\",\"@id\":\"https:\/\/centrumpodlog.com\/sklep\/#\/schema\/logo\/image\/\",\"url\":\"https:\/\/centrumpodlog.com\/sklep\/wp-content\/uploads\/2019\/06\/logo.jpg\",\"contentUrl\":\"https:\/\/centrumpodlog.com\/sklep\/wp-content\/uploads\/2019\/06\/logo.jpg\",\"width\":169,\"height\":99,\"caption\":\"Centrum Sprzeda\u017cy Wyk\u0142adzin Przemys\u0142owych\"},\"image\":{\"@id\":\"https:\/\/centrumpodlog.com\/sklep\/#\/schema\/logo\/image\/\"}}]}<\/script>\n<!-- \/ Yoast SEO plugin. -->","yoast_head_json":{"title":"Tarkett Granit iQ 372 - Centrum Sprzeda\u017cy Wyk\u0142adzin Przemys\u0142owych","robots":{"index":"index","follow":"follow","max-snippet":"max-snippet:-1","max-image-preview":"max-image-preview:large","max-video-preview":"max-video-preview:-1"},"canonical":"https:\/\/centrumpodlog.com\/sklep\/produkt\/3040-372-48\/","og_locale":"pl_PL","og_type":"article","og_title":"Tarkett Granit iQ 372 - Centrum Sprzeda\u017cy Wyk\u0142adzin Przemys\u0142owych","og_description":"Gdy spojrzymy wstecz na 40 lat sukces&oacute;w w bran\u017cy pod\u0142&oacute;g, iQ Granit to jeden z najlepszych materia\u0142&oacute;w pod\u0142ogowych na rynku. Tysi\u0105ce architekt&oacute;w korzysta z mo\u017cliwo\u015bci iQ Granit przy tworzeniu harmonijnych wn\u0119trz komercyjnych.&hellip; Czytaj wi\u0119cej","og_url":"https:\/\/centrumpodlog.com\/sklep\/produkt\/3040-372-48\/","og_site_name":"Centrum Sprzeda\u017cy Wyk\u0142adzin Przemys\u0142owych","article_modified_time":"2019-11-10T17:08:57+00:00","og_image":[{"width":609,"height":425,"url":"https:\/\/centrumpodlog.com\/sklep\/wp-content\/uploads\/2015\/02\/tha4_3040372_3221372_001.jpg","type":"image\/jpeg"}],"twitter_card":"summary_large_image","twitter_misc":{"Szacowany czas czytania":"2 minuty"},"schema":{"@context":"https:\/\/schema.org","@graph":[{"@type":"WebPage","@id":"https:\/\/centrumpodlog.com\/sklep\/produkt\/3040-372-48\/","url":"https:\/\/centrumpodlog.com\/sklep\/produkt\/3040-372-48\/","name":"Tarkett Granit iQ 372 - Centrum Sprzeda\u017cy Wyk\u0142adzin Przemys\u0142owych","isPartOf":{"@id":"https:\/\/centrumpodlog.com\/sklep\/#website"},"primaryImageOfPage":{"@id":"https:\/\/centrumpodlog.com\/sklep\/produkt\/3040-372-48\/#primaryimage"},"image":{"@id":"https:\/\/centrumpodlog.com\/sklep\/produkt\/3040-372-48\/#primaryimage"},"thumbnailUrl":"https:\/\/centrumpodlog.com\/sklep\/wp-content\/uploads\/2015\/02\/tha4_3040372_3221372_001.jpg","datePublished":"2015-02-11T10:01:23+00:00","dateModified":"2019-11-10T17:08:57+00:00","breadcrumb":{"@id":"https:\/\/centrumpodlog.com\/sklep\/produkt\/3040-372-48\/#breadcrumb"},"inLanguage":"pl-PL","potentialAction":[{"@type":"ReadAction","target":["https:\/\/centrumpodlog.com\/sklep\/produkt\/3040-372-48\/"]}]},{"@type":"ImageObject","inLanguage":"pl-PL","@id":"https:\/\/centrumpodlog.com\/sklep\/produkt\/3040-372-48\/#primaryimage","url":"https:\/\/centrumpodlog.com\/sklep\/wp-content\/uploads\/2015\/02\/tha4_3040372_3221372_001.jpg","contentUrl":"https:\/\/centrumpodlog.com\/sklep\/wp-content\/uploads\/2015\/02\/tha4_3040372_3221372_001.jpg","width":609,"height":425,"caption":"Tarkett Granit iQ 372-0"},{"@type":"BreadcrumbList","@id":"https:\/\/centrumpodlog.com\/sklep\/produkt\/3040-372-48\/#breadcrumb","itemListElement":[{"@type":"ListItem","position":1,"name":"Strona g\u0142\u00f3wna","item":"https:\/\/centrumpodlog.com\/sklep\/"},{"@type":"ListItem","position":2,"name":"Produkty","item":"https:\/\/centrumpodlog.com\/sklep\/shop\/"},{"@type":"ListItem","position":3,"name":"Tarkett Granit iQ 372"}]},{"@type":"WebSite","@id":"https:\/\/centrumpodlog.com\/sklep\/#website","url":"https:\/\/centrumpodlog.com\/sklep\/","name":"Centrum Sprzeda\u017cy Wyk\u0142adzin Przemys\u0142owych","description":"Sklep internetowy Centrum Sprzeda\u017cy Wyk\u0142adzin Przemys\u0142owych","publisher":{"@id":"https:\/\/centrumpodlog.com\/sklep\/#organization"},"potentialAction":[{"@type":"SearchAction","target":{"@type":"EntryPoint","urlTemplate":"https:\/\/centrumpodlog.com\/sklep\/?s={search_term_string}"},"query-input":{"@type":"PropertyValueSpecification","valueRequired":true,"valueName":"search_term_string"}}],"inLanguage":"pl-PL"},{"@type":"Organization","@id":"https:\/\/centrumpodlog.com\/sklep\/#organization","name":"Centrum Sprzeda\u017cy Wyk\u0142adzin Przemys\u0142owych","url":"https:\/\/centrumpodlog.com\/sklep\/","logo":{"@type":"ImageObject","inLanguage":"pl-PL","@id":"https:\/\/centrumpodlog.com\/sklep\/#\/schema\/logo\/image\/","url":"https:\/\/centrumpodlog.com\/sklep\/wp-content\/uploads\/2019\/06\/logo.jpg","contentUrl":"https:\/\/centrumpodlog.com\/sklep\/wp-content\/uploads\/2019\/06\/logo.jpg","width":169,"height":99,"caption":"Centrum Sprzeda\u017cy Wyk\u0142adzin Przemys\u0142owych"},"image":{"@id":"https:\/\/centrumpodlog.com\/sklep\/#\/schema\/logo\/image\/"}}]}},"taxonomy_info":{"product_cat":[{"value":20,"label":"Wyk\u0142adziny"},{"value":37,"label":"Homogeniczne"},{"value":112,"label":"IQ Granit"}]},"featured_image_src_large":["https:\/\/centrumpodlog.com\/sklep\/wp-content\/uploads\/2015\/02\/tha4_3040372_3221372_001.jpg",609,425,false],"author_info":[],"comment_info":"","_links":{"self":[{"href":"https:\/\/centrumpodlog.com\/sklep\/wp-json\/wp\/v2\/product\/19","targetHints":{"allow":["GET"]}}],"collection":[{"href":"https:\/\/centrumpodlog.com\/sklep\/wp-json\/wp\/v2\/product"}],"about":[{"href":"https:\/\/centrumpodlog.com\/sklep\/wp-json\/wp\/v2\/types\/product"}],"wp:featuredmedia":[{"embeddable":true,"href":"https:\/\/centrumpodlog.com\/sklep\/wp-json\/wp\/v2\/media\/9"}],"wp:attachment":[{"href":"https:\/\/centrumpodlog.com\/sklep\/wp-json\/wp\/v2\/media?parent=19"}],"wp:term":[{"taxonomy":"product_brand","embeddable":true,"href":"https:\/\/centrumpodlog.com\/sklep\/wp-json\/wp\/v2\/product_brand?post=19"},{"taxonomy":"product_cat","embeddable":true,"href":"https:\/\/centrumpodlog.com\/sklep\/wp-json\/wp\/v2\/product_cat?post=19"},{"taxonomy":"product_tag","embeddable":true,"href":"https:\/\/centrumpodlog.com\/sklep\/wp-json\/wp\/v2\/product_tag?post=19"}],"curies":[{"name":"wp","href":"https:\/\/api.w.org\/{rel}","templated":true}]}}