{"id":50,"date":"2015-04-29T19:53:37","date_gmt":"2015-04-29T17:53:37","guid":{"rendered":"https:\/\/centrumpodlog.com\/sklep\/produkt\/szlifierka-jednotarczowa-mambo\/"},"modified":"2022-05-23T14:31:59","modified_gmt":"2022-05-23T12:31:59","slug":"szlifierka-jednotarczowa-mambo","status":"publish","type":"product","link":"https:\/\/centrumpodlog.com\/sklep\/produkt\/szlifierka-jednotarczowa-mambo\/","title":{"rendered":"Szlifierka jednotarczowa MAMBO"},"content":{"rendered":"<p style=\"text-align: justify;\">Niedo\u015bcigniona wszechstronno\u015b\u0107! Profesjonalne dopasowanie do wszelkich zastosowa\u0144.<\/p>\n<ul style=\"text-align: justify;\">\n<li>Optymalne dopasowanie materia\u0142u \u015bciernego do powierzchni przeznaczonej do obr&oacute;bki za pomoc\u0105 p\u0142ynnej regulacji obrot&oacute;w od 150 do 450 obr.\/min<\/li>\n<\/ul>\n<ul style=\"text-align: justify;\">\n<li>Od najprostszych do najci\u0119\u017cszych prac szlifierskich i frezarskich, ostateczne szlifowanie parkiet&oacute;w<\/li>\n<\/ul>\n<ul style=\"text-align: justify;\">\n<li>Szybka i efektywna praca i wysoki urobek dzi\u0119ki du\u017cej pr\u0119dko\u015bci obrotowej &#8211; du\u017ca wydajno\u015b\u0107 nawet przy niskich obrotach<\/li>\n<\/ul>\n<ul style=\"text-align: justify;\">\n<li>Konstrukcja z metalow\u0105 os\u0142on\u0105 odporn\u0105 na zniszczenie<\/li>\n<\/ul>\n<ul style=\"text-align: justify;\">\n<li>Dodatkowe obci\u0105\u017cniki zwi\u0119kszaj\u0105ce wydajno\u015b\u0107 obr&oacute;bki<\/li>\n<\/ul>\n<ul class=\"last\" style=\"text-align: justify;\">\n<li>\u0141atwy transport w samochodzie osobowym dzi\u0119ki przek\u0142adanemu uchwytowi i zdejmowanym obci\u0105\u017cnikom (wymiary z\u0142o\u017conego urz\u0105dzenia 55 x 40 x 88 cm)<\/li>\n<\/ul>\n<p style=\"text-align: justify;\"><strong>Dane techniczne:<\/strong><\/p>\n<ul style=\"text-align: justify;\">\n<li>230 V,<\/li>\n<li>2000 W,<\/li>\n<li>pr\u0119dko\u015b\u0107 obrotowa 150-450 obr.\/min,<\/li>\n<li>szeroko\u015b\u0107 robocza 375-400 mm,<\/li>\n<li>ci\u0119\u017car 52 kg + 18 kg dodatkowy obci\u0105\u017cnik,<\/li>\n<li>ogranicznik pr\u0105du rozruchu<\/li>\n<\/ul>\n<p style=\"text-align: justify;\"><strong>Zakres dostawy:<\/strong><\/p>\n<ul style=\"text-align: justify;\">\n<li>Szlifierka Mambo,<\/li>\n<li>pier\u015bcie\u0144 ochronny i odsysaj\u0105cy,<\/li>\n<li>dodatkowy obci\u0105\u017cnik 18 kg,<\/li>\n<li>ochrona s\u0142uchu,<\/li>\n<li>bez talerza nap\u0119dowego i odsysania<\/li>\n<\/ul>\n","protected":false},"excerpt":{"rendered":"<p>Niedo\u015bcigniona wszechstronno\u015b\u0107! Profesjonalne dopasowanie do wszelkich zastosowa\u0144.<\/p>\n<p>&hellip; <a class=\"kt-excerpt-readmore more-link\" href=\"https:\/\/centrumpodlog.com\/sklep\/produkt\/szlifierka-jednotarczowa-mambo\/\" aria-label=\"Szlifierka jednotarczowa MAMBO\">Czytaj wi\u0119cej<\/a><\/p>\n","protected":false},"featured_media":49,"template":"","meta":{"kt_blocks_editor_width":"","_kad_blocks_custom_css":"","_kad_blocks_head_custom_js":"","_kad_blocks_body_custom_js":"","_kad_blocks_footer_custom_js":""},"product_brand":[],"product_cat":[18,23,29],"product_tag":[],"class_list":{"0":"post-50","1":"product","2":"type-product","3":"status-publish","4":"has-post-thumbnail","6":"product_cat-produkt","7":"product_cat-maszyny-i-narzedzia","8":"product_cat-przygotowanie-podlozy","10":"first","11":"outofstock","12":"shipping-taxable","13":"product-type-simple"},"yoast_head":"<!-- This site is optimized with the Yoast SEO plugin v26.8 - https:\/\/yoast.com\/product\/yoast-seo-wordpress\/ -->\n<title>Szlifierka jednotarczowa MAMBO - Centrum Sprzeda\u017cy Wyk\u0142adzin Przemys\u0142owych<\/title>\n<meta name=\"robots\" content=\"index, follow, max-snippet:-1, max-image-preview:large, max-video-preview:-1\" \/>\n<link rel=\"canonical\" href=\"https:\/\/centrumpodlog.com\/sklep\/produkt\/szlifierka-jednotarczowa-mambo\/\" \/>\n<meta property=\"og:locale\" content=\"pl_PL\" \/>\n<meta property=\"og:type\" content=\"article\" \/>\n<meta property=\"og:title\" content=\"Szlifierka jednotarczowa MAMBO - Centrum Sprzeda\u017cy Wyk\u0142adzin Przemys\u0142owych\" \/>\n<meta property=\"og:description\" content=\"Niedo\u015bcigniona wszechstronno\u015b\u0107! Profesjonalne dopasowanie do wszelkich zastosowa\u0144.&hellip; Czytaj wi\u0119cej\" \/>\n<meta property=\"og:url\" content=\"https:\/\/centrumpodlog.com\/sklep\/produkt\/szlifierka-jednotarczowa-mambo\/\" \/>\n<meta property=\"og:site_name\" content=\"Centrum Sprzeda\u017cy Wyk\u0142adzin Przemys\u0142owych\" \/>\n<meta property=\"article:modified_time\" content=\"2022-05-23T12:31:59+00:00\" \/>\n<meta property=\"og:image\" content=\"https:\/\/centrumpodlog.com\/sklep\/wp-content\/uploads\/2015\/04\/65_61804_mambo_evo_szlifierka_jednotarczowa_1000x1500.jpg\" \/>\n\t<meta property=\"og:image:width\" content=\"1000\" \/>\n\t<meta property=\"og:image:height\" content=\"1500\" \/>\n\t<meta property=\"og:image:type\" content=\"image\/jpeg\" \/>\n<meta name=\"twitter:card\" content=\"summary_large_image\" \/>\n<meta name=\"twitter:label1\" content=\"Szacowany czas czytania\" \/>\n\t<meta name=\"twitter:data1\" content=\"1 minuta\" \/>\n<script type=\"application\/ld+json\" class=\"yoast-schema-graph\">{\"@context\":\"https:\/\/schema.org\",\"@graph\":[{\"@type\":\"WebPage\",\"@id\":\"https:\/\/centrumpodlog.com\/sklep\/produkt\/szlifierka-jednotarczowa-mambo\/\",\"url\":\"https:\/\/centrumpodlog.com\/sklep\/produkt\/szlifierka-jednotarczowa-mambo\/\",\"name\":\"Szlifierka jednotarczowa MAMBO - Centrum Sprzeda\u017cy Wyk\u0142adzin Przemys\u0142owych\",\"isPartOf\":{\"@id\":\"https:\/\/centrumpodlog.com\/sklep\/#website\"},\"primaryImageOfPage\":{\"@id\":\"https:\/\/centrumpodlog.com\/sklep\/produkt\/szlifierka-jednotarczowa-mambo\/#primaryimage\"},\"image\":{\"@id\":\"https:\/\/centrumpodlog.com\/sklep\/produkt\/szlifierka-jednotarczowa-mambo\/#primaryimage\"},\"thumbnailUrl\":\"https:\/\/centrumpodlog.com\/sklep\/wp-content\/uploads\/2015\/04\/65_61804_mambo_evo_szlifierka_jednotarczowa_1000x1500.jpg\",\"datePublished\":\"2015-04-29T17:53:37+00:00\",\"dateModified\":\"2022-05-23T12:31:59+00:00\",\"breadcrumb\":{\"@id\":\"https:\/\/centrumpodlog.com\/sklep\/produkt\/szlifierka-jednotarczowa-mambo\/#breadcrumb\"},\"inLanguage\":\"pl-PL\",\"potentialAction\":[{\"@type\":\"ReadAction\",\"target\":[\"https:\/\/centrumpodlog.com\/sklep\/produkt\/szlifierka-jednotarczowa-mambo\/\"]}]},{\"@type\":\"ImageObject\",\"inLanguage\":\"pl-PL\",\"@id\":\"https:\/\/centrumpodlog.com\/sklep\/produkt\/szlifierka-jednotarczowa-mambo\/#primaryimage\",\"url\":\"https:\/\/centrumpodlog.com\/sklep\/wp-content\/uploads\/2015\/04\/65_61804_mambo_evo_szlifierka_jednotarczowa_1000x1500.jpg\",\"contentUrl\":\"https:\/\/centrumpodlog.com\/sklep\/wp-content\/uploads\/2015\/04\/65_61804_mambo_evo_szlifierka_jednotarczowa_1000x1500.jpg\",\"width\":1000,\"height\":1500,\"caption\":\"Szlifierka jednotarczowa MAMBO-0\"},{\"@type\":\"BreadcrumbList\",\"@id\":\"https:\/\/centrumpodlog.com\/sklep\/produkt\/szlifierka-jednotarczowa-mambo\/#breadcrumb\",\"itemListElement\":[{\"@type\":\"ListItem\",\"position\":1,\"name\":\"Strona g\u0142\u00f3wna\",\"item\":\"https:\/\/centrumpodlog.com\/sklep\/\"},{\"@type\":\"ListItem\",\"position\":2,\"name\":\"Produkty\",\"item\":\"https:\/\/centrumpodlog.com\/sklep\/shop\/\"},{\"@type\":\"ListItem\",\"position\":3,\"name\":\"Szlifierka jednotarczowa MAMBO\"}]},{\"@type\":\"WebSite\",\"@id\":\"https:\/\/centrumpodlog.com\/sklep\/#website\",\"url\":\"https:\/\/centrumpodlog.com\/sklep\/\",\"name\":\"Centrum Sprzeda\u017cy Wyk\u0142adzin Przemys\u0142owych\",\"description\":\"Sklep internetowy Centrum Sprzeda\u017cy Wyk\u0142adzin Przemys\u0142owych\",\"publisher\":{\"@id\":\"https:\/\/centrumpodlog.com\/sklep\/#organization\"},\"potentialAction\":[{\"@type\":\"SearchAction\",\"target\":{\"@type\":\"EntryPoint\",\"urlTemplate\":\"https:\/\/centrumpodlog.com\/sklep\/?s={search_term_string}\"},\"query-input\":{\"@type\":\"PropertyValueSpecification\",\"valueRequired\":true,\"valueName\":\"search_term_string\"}}],\"inLanguage\":\"pl-PL\"},{\"@type\":\"Organization\",\"@id\":\"https:\/\/centrumpodlog.com\/sklep\/#organization\",\"name\":\"Centrum Sprzeda\u017cy Wyk\u0142adzin Przemys\u0142owych\",\"url\":\"https:\/\/centrumpodlog.com\/sklep\/\",\"logo\":{\"@type\":\"ImageObject\",\"inLanguage\":\"pl-PL\",\"@id\":\"https:\/\/centrumpodlog.com\/sklep\/#\/schema\/logo\/image\/\",\"url\":\"https:\/\/centrumpodlog.com\/sklep\/wp-content\/uploads\/2019\/06\/logo.jpg\",\"contentUrl\":\"https:\/\/centrumpodlog.com\/sklep\/wp-content\/uploads\/2019\/06\/logo.jpg\",\"width\":169,\"height\":99,\"caption\":\"Centrum Sprzeda\u017cy Wyk\u0142adzin Przemys\u0142owych\"},\"image\":{\"@id\":\"https:\/\/centrumpodlog.com\/sklep\/#\/schema\/logo\/image\/\"}}]}<\/script>\n<!-- \/ Yoast SEO plugin. -->","yoast_head_json":{"title":"Szlifierka jednotarczowa MAMBO - Centrum Sprzeda\u017cy Wyk\u0142adzin Przemys\u0142owych","robots":{"index":"index","follow":"follow","max-snippet":"max-snippet:-1","max-image-preview":"max-image-preview:large","max-video-preview":"max-video-preview:-1"},"canonical":"https:\/\/centrumpodlog.com\/sklep\/produkt\/szlifierka-jednotarczowa-mambo\/","og_locale":"pl_PL","og_type":"article","og_title":"Szlifierka jednotarczowa MAMBO - Centrum Sprzeda\u017cy Wyk\u0142adzin Przemys\u0142owych","og_description":"Niedo\u015bcigniona wszechstronno\u015b\u0107! Profesjonalne dopasowanie do wszelkich zastosowa\u0144.&hellip; Czytaj wi\u0119cej","og_url":"https:\/\/centrumpodlog.com\/sklep\/produkt\/szlifierka-jednotarczowa-mambo\/","og_site_name":"Centrum Sprzeda\u017cy Wyk\u0142adzin Przemys\u0142owych","article_modified_time":"2022-05-23T12:31:59+00:00","og_image":[{"width":1000,"height":1500,"url":"https:\/\/centrumpodlog.com\/sklep\/wp-content\/uploads\/2015\/04\/65_61804_mambo_evo_szlifierka_jednotarczowa_1000x1500.jpg","type":"image\/jpeg"}],"twitter_card":"summary_large_image","twitter_misc":{"Szacowany czas czytania":"1 minuta"},"schema":{"@context":"https:\/\/schema.org","@graph":[{"@type":"WebPage","@id":"https:\/\/centrumpodlog.com\/sklep\/produkt\/szlifierka-jednotarczowa-mambo\/","url":"https:\/\/centrumpodlog.com\/sklep\/produkt\/szlifierka-jednotarczowa-mambo\/","name":"Szlifierka jednotarczowa MAMBO - Centrum Sprzeda\u017cy Wyk\u0142adzin Przemys\u0142owych","isPartOf":{"@id":"https:\/\/centrumpodlog.com\/sklep\/#website"},"primaryImageOfPage":{"@id":"https:\/\/centrumpodlog.com\/sklep\/produkt\/szlifierka-jednotarczowa-mambo\/#primaryimage"},"image":{"@id":"https:\/\/centrumpodlog.com\/sklep\/produkt\/szlifierka-jednotarczowa-mambo\/#primaryimage"},"thumbnailUrl":"https:\/\/centrumpodlog.com\/sklep\/wp-content\/uploads\/2015\/04\/65_61804_mambo_evo_szlifierka_jednotarczowa_1000x1500.jpg","datePublished":"2015-04-29T17:53:37+00:00","dateModified":"2022-05-23T12:31:59+00:00","breadcrumb":{"@id":"https:\/\/centrumpodlog.com\/sklep\/produkt\/szlifierka-jednotarczowa-mambo\/#breadcrumb"},"inLanguage":"pl-PL","potentialAction":[{"@type":"ReadAction","target":["https:\/\/centrumpodlog.com\/sklep\/produkt\/szlifierka-jednotarczowa-mambo\/"]}]},{"@type":"ImageObject","inLanguage":"pl-PL","@id":"https:\/\/centrumpodlog.com\/sklep\/produkt\/szlifierka-jednotarczowa-mambo\/#primaryimage","url":"https:\/\/centrumpodlog.com\/sklep\/wp-content\/uploads\/2015\/04\/65_61804_mambo_evo_szlifierka_jednotarczowa_1000x1500.jpg","contentUrl":"https:\/\/centrumpodlog.com\/sklep\/wp-content\/uploads\/2015\/04\/65_61804_mambo_evo_szlifierka_jednotarczowa_1000x1500.jpg","width":1000,"height":1500,"caption":"Szlifierka jednotarczowa MAMBO-0"},{"@type":"BreadcrumbList","@id":"https:\/\/centrumpodlog.com\/sklep\/produkt\/szlifierka-jednotarczowa-mambo\/#breadcrumb","itemListElement":[{"@type":"ListItem","position":1,"name":"Strona g\u0142\u00f3wna","item":"https:\/\/centrumpodlog.com\/sklep\/"},{"@type":"ListItem","position":2,"name":"Produkty","item":"https:\/\/centrumpodlog.com\/sklep\/shop\/"},{"@type":"ListItem","position":3,"name":"Szlifierka jednotarczowa MAMBO"}]},{"@type":"WebSite","@id":"https:\/\/centrumpodlog.com\/sklep\/#website","url":"https:\/\/centrumpodlog.com\/sklep\/","name":"Centrum Sprzeda\u017cy Wyk\u0142adzin Przemys\u0142owych","description":"Sklep internetowy Centrum Sprzeda\u017cy Wyk\u0142adzin Przemys\u0142owych","publisher":{"@id":"https:\/\/centrumpodlog.com\/sklep\/#organization"},"potentialAction":[{"@type":"SearchAction","target":{"@type":"EntryPoint","urlTemplate":"https:\/\/centrumpodlog.com\/sklep\/?s={search_term_string}"},"query-input":{"@type":"PropertyValueSpecification","valueRequired":true,"valueName":"search_term_string"}}],"inLanguage":"pl-PL"},{"@type":"Organization","@id":"https:\/\/centrumpodlog.com\/sklep\/#organization","name":"Centrum Sprzeda\u017cy Wyk\u0142adzin Przemys\u0142owych","url":"https:\/\/centrumpodlog.com\/sklep\/","logo":{"@type":"ImageObject","inLanguage":"pl-PL","@id":"https:\/\/centrumpodlog.com\/sklep\/#\/schema\/logo\/image\/","url":"https:\/\/centrumpodlog.com\/sklep\/wp-content\/uploads\/2019\/06\/logo.jpg","contentUrl":"https:\/\/centrumpodlog.com\/sklep\/wp-content\/uploads\/2019\/06\/logo.jpg","width":169,"height":99,"caption":"Centrum Sprzeda\u017cy Wyk\u0142adzin Przemys\u0142owych"},"image":{"@id":"https:\/\/centrumpodlog.com\/sklep\/#\/schema\/logo\/image\/"}}]}},"taxonomy_info":{"product_cat":[{"value":18,"label":"Produkt"},{"value":23,"label":"Maszyny i narz\u0119dzia"},{"value":29,"label":"Przygotowanie pod\u0142o\u017cy"}]},"featured_image_src_large":["https:\/\/centrumpodlog.com\/sklep\/wp-content\/uploads\/2015\/04\/65_61804_mambo_evo_szlifierka_jednotarczowa_1000x1500-683x1024.jpg",683,1024,true],"author_info":[],"comment_info":"","_links":{"self":[{"href":"https:\/\/centrumpodlog.com\/sklep\/wp-json\/wp\/v2\/product\/50","targetHints":{"allow":["GET"]}}],"collection":[{"href":"https:\/\/centrumpodlog.com\/sklep\/wp-json\/wp\/v2\/product"}],"about":[{"href":"https:\/\/centrumpodlog.com\/sklep\/wp-json\/wp\/v2\/types\/product"}],"wp:featuredmedia":[{"embeddable":true,"href":"https:\/\/centrumpodlog.com\/sklep\/wp-json\/wp\/v2\/media\/49"}],"wp:attachment":[{"href":"https:\/\/centrumpodlog.com\/sklep\/wp-json\/wp\/v2\/media?parent=50"}],"wp:term":[{"taxonomy":"product_brand","embeddable":true,"href":"https:\/\/centrumpodlog.com\/sklep\/wp-json\/wp\/v2\/product_brand?post=50"},{"taxonomy":"product_cat","embeddable":true,"href":"https:\/\/centrumpodlog.com\/sklep\/wp-json\/wp\/v2\/product_cat?post=50"},{"taxonomy":"product_tag","embeddable":true,"href":"https:\/\/centrumpodlog.com\/sklep\/wp-json\/wp\/v2\/product_tag?post=50"}],"curies":[{"name":"wp","href":"https:\/\/api.w.org\/{rel}","templated":true}]}}